 3, 0 = 3*q - 3*r - 15. Suppose q*n - 956 = 4*n. What are the prime factors of n?
239
Let o(n) = -505*n + 119. Let z be o(-17). Suppose 40*h + z = 57*h. List the prime factors of h.
2
Let c = -803 - -1508. Let h = c - 312. List the prime factors of h.
3, 131
Let l = -58 + 28. Let r be (3/6)/((-5)/l). Suppose 16 - 241 = -r*v. List the prime factors of v.
3, 5
Let b = 107558 - 43182. List the prime factors of b.
2, 13, 619
Suppose 0 = -857*s + 793*s + 3283520. List the prime factors of s.
5, 31, 331
Let k(q) = -3 + 4 + 0*q - q - 5. Let m be k(-3). List the prime factors of ((104/m)/1)/(-1).
2, 13
Let z = -1809 + 1230. Let y = -12 - z. What are the prime factors of y?
3, 7
Let d(r) = 1221*r - 14. Let z be d(3). Suppose -3*k + z = 4*l, 5*k - 5*l = 1471 + 4564. List the prime factors of k.
7, 173
Suppose -14*n - 2489994 = -131*n. What are the prime factors of n?
2, 3, 3547
Let q be (-3 - (-7 - 5)) + 16/(-4). List the prime factors of 462 - (-1 - 0) - (-9 + q).
467
Suppose -174*d = 64*d - 4540088. List the prime factors of d.
2, 19, 251
Let i = 48 + -44. Let r be (10 + -6)*(1 + i). Suppose 225 = 5*u - 5*k, 3*u + 4*k - r = 2*u. List the prime factors of u.
2, 5
Suppose -2*h = -t + 9, -7 = -t + 2*t. Suppose s + 16 = 5*s. What are the prime factors of ((-3)/s)/(h/1664)?
2, 3, 13
Suppose -2*c = -5*p - 12205, 0 = 9*p - 10*p + 5. What are the prime factors of c?
5, 1223
Let i(u) = -17*u**3 + u**2 + 10*u + 15. Let t(a) = 9*a**3 - 5*a - 7. Let b(r) = -2*i(r) - 5*t(r). List the prime factors of b(-4).
3, 73
Suppose 2*p - 1426 = 5*y, 0 = -2*p - y + 3*y + 1426. Let k = 135 + p. What are the prime factors of k?
2, 53
Let s(h) = 347*h**2 + 102*h - 717. What are the prime factors of s(8)?
22307
Let u be ((-6)/72*-4)/((-2)/90). What are the prime factors of u/((-315)/(-14))*3858/(-4)?
643
Suppose -437*g - 756 = -439*g. Let l be 1/2*(0 - -382). Let f = g - l. What are the prime factors of f?
11, 17
What are the prime factors of (-1 + 2)/(46/(-230)) + 69705 + -25?
3, 5, 929
Suppose 4*y - 322 - 114 = 3*c, -5*y - 3*c = -518. Let s = -115 + y. Let q(l) = -26*l - 26. What are the prime factors of q(s)?
2, 13
Suppose 305958 = 41*f - 334831. List the prime factors of f.
15629
Let x = 109 + -106. Suppose 0*k - 4*k + 17 = i, 0 = 3*k + x*i - 6. Suppose 0 = -2*d - d - 2*v + 523, 5*d - 875 = -k*v. What are the prime factors of d?
173
Suppose 0 = -9*c + c + 3008. Let q = 846 - c. What are the prime factors of q?
2, 5, 47
Let z = 506 + 107. Suppose x - z = 279. List the prime factors of x.
2, 223
List the prime factors of 1297408/147 - 14/(-147).
2, 3, 1471
Suppose -y - 2 = -9. Let p(j) = 35*j - 20*j - y - 32*j. What are the prime factors of p(-4)?
61
Suppose -4*i + 14*i - 1290 = 0. Let a = 228 + i. List the prime factors of a.
3, 7, 17
Let v(l) = 499*l**2 - 2*l - 21. List the prime factors of v(2).
3, 73
Let c = -5 - 5. Let g(a) = -48*a - 7. Let v be g(c). Suppose -8*h + 3*j + 469 = -4*h, 4*h - v = -j. List the prime factors of h.
2, 59
Let b = -20 + 27. Let i(l) = 7*l**2 - 7*l + 14. Let f be i(-7). Suppose 126 = b*k - f. What are the prime factors of k?
2, 19
Let k = -10744 + 24634. What are the prime factors of k?
2, 3, 5, 463
Let r(w) = -w**3 - 6*w**2 + 9*w + 54. Let u be r(-6). Suppose -d + 5*n + 821 + 111 = 0, -d - 3*n + 900 = u. List the prime factors of d.
2, 3, 19
Let o(b) = 38*b + 3. Let g be o(-5). Suppose 9*k = -291 + 4035. Let n = k + g. What are the prime factors of n?
229
Suppose -10 = 5*q, 11 + 21 = -u - q. What are the prime factors of ((-1466)/(-6))/((-10)/u)?
733
Let k(h) = 478*h - 443. List the prime factors of k(13).
29, 199
Let c(v) = -17*v**3 + 2*v**2 + 2*v - 2. Let b be c(-2). Let a be b/4*(-8)/12. Let q = 60 - a. List the prime factors of q.
83
Let i(q) be the first derivative of -q**4/4 + 2*q**3 + 5*q**2/2 - 7*q - 5. Suppose 2*w - 25*v = -20*v + 15, -w = 2*v - 3. List the prime factors of i(w).
43
List the prime factors of 3/((-36)/23392)*(-9)/2.
2, 3, 17, 43
Let z(h) = -255*h + 8990. List the prime factors of z(-8).
2, 5, 1103
Let g(n) = -3451*n**3 + 8*n**2 + 13*n - 5. What are the prime factors of g(-2)?
3, 9203
Let p = -57 - -178. Let h = 99 - p. Let v = h - -59. What are the prime factors of v?
37
Suppose -4*y + 6728 = 5*v, -6*v - 2696 = -8*v - 4*y. Let s = v + -404. What are the prime factors of s?
2, 5, 47
Let a(j) = -j**3 + 85*j**2 - 140*j - 180. List the prime factors of a(29).
2, 11, 487
Let k be ((-3)/(-3))/(-6 + (-8822)/(-1470)). Let q = -119 + k. What are the prime factors of q?
2, 7, 11
Let c = -8 + 5. Let z(w) = -32*w**2 + 96*w - 5. Let i(r) = 34*r**2 - 106*r + 5. Let y(u) = -10*i(u) - 11*z(u). List the prime factors of y(c).
101
Suppose 0 = -4*r - 2*s + 4866, -2*s = r + 269 - 1493. What are the prime factors of r?
2, 607
Let c(p) be the third derivative of -14*p**4/3 + 119*p**3/6 + 2*p**2 + 6. What are the prime factors of c(-12)?
7, 11, 19
Suppose -282052 = 68*j - 254*j + 129938. List the prime factors of j.
5, 443
Suppose 2*h - 93 = 5*h. Let l = 41 + h. Suppose 4*t - 26 = -l. List the prime factors of t.
2
Suppose 0 = -3*t - 5*q + 26, -3*t - 2*q + 16 = t. Suppose -11*x = -8*x + t*c - 3304, c - 5516 = -5*x. What are the prime factors of x?
2, 3, 23
Suppose 14*x = 13*x + 2. Suppose -306 = x*s - 4*s. What are the prime factors of s?
3, 17
Let n(l) = -l + 27*l + 92*l + 50 + 72*l. Let o(d) = -63*d - 17. Let y(w) = -5*n(w) - 14*o(w). List the prime factors of y(-3).
2, 3
Let b be 6 + 2 + 0/(-1). Suppose 0 = -7*v + b*v - 1076. What are the prime factors of v?
2, 269
Let k(n) = 25*n**2 + 63*n + 29. List the prime factors of k(-19).
3, 97
What are the prime factors of (-870)/(11/660*-6)?
2, 3, 5, 29
Let l = 28215 + -8524. What are the prime factors of l?
7, 29, 97
Suppose -56*f + 89695 + 82505 = 0. What are the prime factors of f?
3, 5, 41
Suppose 0 = -2*k - g + 150363, 373217 + 2690 = 5*k + 2*g. List the prime factors of k.
75181
Let g = 2 - 23. Let j = -21 - g. Suppose 4*w = -16, -p - w + 10 + 63 = j. What are the prime factors of p?
7, 11
Suppose -4*h + 9 - 1 = 0, -2*h = -3*y - 13. Let n be -1*3*-6*(-196)/36. List the prime factors of (n/y)/(18/27).
7
Suppose -34*t - 405 = 105. List the prime factors of ((-44)/(4 + t))/((-8)/(-2722)).
1361
Let f be (21/(-2) - -5)*14. List the prime factors of -1*(105545/f + 4/(-14)).
3, 457
Suppose 3*u - 10505 = -2*l + 15, 4*u = 4*l + 14000. List the prime factors of u.
2, 3, 73
Suppose 0 = 3*l - 2*p - 3*p - 1486, -3*l + 1482 = -3*p. Let b be 1/3 + 3/(-9). Suppose 0*f + 6*f - l = b. What are the prime factors of f?
2, 41
Suppose 2*l + 2*s - 20848 - 4552 = 0, -4*l + 50797 = s. What are the prime factors of l?
3, 17, 83
Suppose v + i - 3 = 0, 5*i - 4 - 10 = -4*v. List the prime factors of (-295*(v - -2))/(25 + -26).
3, 5, 59
Let q(z) = -710*z + 3803. What are the prime factors of q(-20)?
3, 17, 353
Let p = 2629 + -2629. Let q(m) = -m**2 - 3*m**2 - 3*m + 118 + 2*m**2. What are the prime factors of q(p)?
2, 59
Suppose -u - 5*p + 7233 = 0, 2*p = 2*u - 3162 - 11304. List the prime factors of u.
3, 2411
Let a(m) = -m**3 - m**2 + 4*m - 572. Let d be a(0). Let o = d + 2300. List the prime factors of o.
2, 3
Let a be 2592/(-384) - (-2)/(16/(-10)). List the prime factors of 9/6*a/24*-206.
103
Suppose 0*k - 705 = -15*k. List the prime factors of k*((-2)/(-4) - 1)*-6.
3, 47
Suppose 0 = 5*k + 2*i + 12, 0*k + k - i + 1 = 0. Let q be (149/(-3))/(k/30). Suppose 5*j = -5*y + q, 4*y - 3*y - 153 = -2*j. What are the prime factors of y?
5, 29
Let l(i) = 7*i - 12. Let n be l(4). Let u = 21 - n. Suppose 6 = u*t - 59. List the prime factors of t.
13
Let x(s) = -s**2 - 4*s. Let c be x(-4). Let z(y) = -y**2 - y - 3. Let k be z(c). What are the prime factors of 3 + (-21)/(-6 - k)?
2, 5
Suppose 4*h = v + 9*h - 3946, -19730 = -5*v + h. What are the prime factors of v?
2, 1973
Suppose 653*j - 19468 = -2*m + 648*j, 38964 = 4*m + 3*j. List the prime factors of m.
2, 3, 7, 29
Let t = -1085 + 533. Suppose -754 = 2*b - h - 0*h, 3*b - 5*h + 1124 = 0. Let p = b - t. What are the prime factors of p?
2, 3, 29
Suppose -5*i = 222 + 153. What are the prime factors of 375/(-9)*45/i?
5
Let s(h) = 725*h**2 - 4*h + 3. Let k(z) = -1452*z**2 + 8*z - 6. Let x(n) = 4*k(n) + 9*s(n). List the prime factors of x(1).
2, 179
Let p(l) = -l**3 + 62*l**2 + 63*l